(-2).
-5
Let a(u) = u**3 + 20*u**2 + 4. What is a(-20)?
4
Let s(m) = -m**3 - 16*m**2 - 16*m + 6. Calculate s(-15).
21
Let w(l) = -36*l**3 + 1. Calculate w(-1).
37
Let v(b) = -3*b**2 + 95*b + 4. Calculate v(32).
-28
Let b(z) = 41*z + 736. Give b(-18).
-2
Let c(p) = -p**3 - 10*p**2 + 6*p + 2. Calculate c(-11).
57
Let g(o) = 2*o**2 - 7*o + 2. Determine g(5).
17
Let o(k) = -2*k - 4. What is o(-12)?
20
Let u(d) = -2*d**2 + 27*d - 29. Calculate u(13).
-16
Let c(r) = -24*r**3 - 2*r**2 + 1. What is c(-1)?
23
Let s(w) = 4*w**3 - 25*w**2 + 9*w - 19. Determine s(6).
-1
Let u(v) = 2*v**2 - 5*v - 7. Calculate u(4).
5
Let v(n) = -n**3 + 6*n**2 + 19. Calculate v(0).
19
Let y(q) = -q**3 + 4*q**2. Give y(4).
0
Let p(f) = -f**3 - 8*f**2 - 10*f - 16. What is p(-7)?
5
Let n(v) = -3*v**2 + 3*v. Determine n(3).
-18
Let m(t) = t**3 + 5*t**2 - 4*t + 4. Calculate m(-6).
-8
Let d(o) = o**3 + 11*o**2 - 29*o - 12. Determine d(-13).
27
Let v(k) = -11*k + 172. Determine v(15).
7
Let v(f) = f + 21. Calculate v(-17).
4
Let c(x) = x**3 + 3*x**2 + 2*x. What is c(-1)?
0
Let b(c) = c**2 - 6*c - 6. Give b(6).
-6
Let o(j) = 2*j**2 - 2*j + 2. Give o(1).
2
Let a(g) = -g**2 - g + 6. Calculate a(-6).
-24
Let c(o) = o**3 + 8*o**2 + o - 1. Determine c(-8).
-9
Let n(m) = -m**2 + 10*m - 16. Calculate n(9).
-7
Let a(b) = b**3 + 15*b**2 + 27*b + 19. Give a(-13).
6
Let z(n) = -n**2 + 6*n - 13. Give z(6).
-13
Let c(a) = -4*a - 61. Determine c(-23).
31
Let l(j) = -4*j**2 + 3*j + 5. Calculate l(4).
-47
Let m(j) = 6*j**3 - 3*j**2 + 2*j + 2. What is m(2)?
42
Let u(s) = -12*s - 282. What is u(-22)?
-18
Let u(t) = -t**3 - 10*t**2 - 16*t - 20. Determine u(-9).
43
Let f(w) = -4*w**2 + 4*w + 5. Give f(4).
-43
Let l(x) = -x**3 + 15*x**2 - 14*x + 13. What is l(14)?
13
Let n(v) = -8*v + 117. What is n(14)?
5
Let k(v) = 23*v**3 - 2*v**2 - v + 2. Determine k(1).
22
Let x(u) = -u**2 - 2*u - 7. Calculate x(-7).
-42
Let k(b) = -6*b - 110. Calculate k(-19).
4
Let r(n) = n**3 - 63*n + 10. Give r(8).
18
Let k(w) = 30*w - 16. Calculate k(0).
-16
Let w(m) = 187*m - 1505. What is w(8)?
-9
Let k(v) = -3*v**2 - 19*v - 13. Give k(-6).
-7
Let c(g) = -27*g - 8. What is c(-2)?
46
Let a(t) = t**2 - 9*t - 9. Determine a(7).
-23
Let z(v) = -3*v + 6. Calculate z(0).
6
Let g(a) = -a**3 + 7*a**2 + 7*a - 6. Determine g(8).
-14
Let x(n) = -3*n + 16. Give x(-1).
19
Let f(v) = -v**2 + 7*v + 1. Calculate f(3).
13
Let q(a) = -2*a**2 + 10*a + 4. Calculate q(5).
4
Let n(r) = -6*r + 76. What is n(15)?
-14
Let w(g) = -9*g + 649. What is w(71)?
10
Let g(t) = t - 2. Determine g(13).
11
Let c(y) = -4*y**2 - y - 2. What is c(2)?
-20
Let w(y) = -2*y**2 + 2*y + 3. Calculate w(2).
-1
Let n(i) = 3*i - 18. What is n(-6)?
-36
Let w(t) = 5*t + 30. Determine w(-12).
-30
Let d(x) = -21*x + 5. Calculate d(-5).
110
Let u(h) = -h - 8. Calculate u(5).
-13
Let q(y) = 35*y + 30. Give q(-1).
-5
Let g(f) = f - 3. Calculate g(8).
5
Let m(k) = 7*k + 7. Determine m(8).
63
Let o(y) = 5*y. Calculate o(-6).
-30
Let i(y) = -11*y**3 - y**2 + y + 1. What is i(-1)?
10
Let p(u) = u**3 + 6*u**2 - u + 2. Give p(-6).
8
Let c(s) = -5*s + 68. What is c(13)?
3
Let w(x) = x**3 - 6*x**2 - 7*x + 2. Give w(7).
2
Let j(q) = q**3 + 8*q**2 - 5*q - 4. Calculate j(-9).
-40
Let w(k) = -k**2 - 3*k + 18. What is w(4)?
-10
Let c(u) = -4*u + 62. Give c(18).
-10
Let p(w) = 4*w + 96. What is p(-25)?
-4
Let k(l) = -l**2 - 16*l + 15. Give k(-15).
30
Let h(j) = j**3 + 9*j**2 - 4. Determine h(-9).
-4
Let z(p) = p**3 + 2*p**2 - 3*p - 5. What is z(0)?
-5
Let b(k) = -7*k - 4. Determine b(-7).
45
Let x(b) = -2*b + 38. Determine x(11).
16
Let j(v) = v**2 + 12*v + 9. Calculate j(-12).
9
Let a(m) = -58*m - 309. Calculate a(-5).
-19
Let q(k) = 3*k - 2. Give q(-5).
-17
Let l(t) = -27*t**3 - t**2. Give l(-1).
26
Let l(y) = -3*y**2 - 9*y - 1. Determine l(-7).
-85
Let g(l) = -l**3 + l**2 + 6*l - 1. Give g(3).
-1
Let p(u) = u**3 - 19*u**2 + 23*u - 65. Give p(18).
25
Let y(r) = -3*r - 16. Determine y(-4).
-4
Let a(d) = -d**3 + 13*d**2 - 23*d. Calculate a(11).
-11
Let d(l) = l**3 - 2*l**2 + 5*l - 17. Determine d(3).
7
Let w(c) = -3*c**2 + 16*c + 9. What is w(8)?
-55
Let k(l) = -4*l**2 - 2*l - 5. What is k(-5)?
-95
Let i(s) = -28*s + 73. What is i(3)?
-11
Let f(w) = 49*w - 884. Calculate f(18).
-2
Let p(y) = -y**3 - 9*y**2 - 2*y - 3. Calculate p(-9).
15
Let z(w) = w**3 - 2*w + 70. Calculate z(0).
70
Let y(n) = -46*n - 1. Calculate y(2).
-93
Let b(m) = 14*m - 26. Give b(2).
2
Let z(w) = 4*w - 9. Determine z(7).
19
Let q(p) = -3*p - 44. Give q(-14).
-2
Let i(s) = s**3 - 24*s**2 - 25*s + 4. Determine i(25).
4
Let x(m) = -m**2 + 13*m - 73. Calculate x(12).
-61
Let q(k) = -68*k + 1296. Give q(19).
4
Let c(r) = -3*r**2 - 32*r + 87. Determine c(-13).
-4
Let v(m) = -m**3 + m**2 - 2*m + 6. What is v(0)?
6
Let t(j) = 12*j + 21. Determine t(-5).
-39
Let g(s) = 32*s**3 + 2*s + 2. Give g(-1).
-32
Let s(b) = 2*b + 2. Determine s(5).
12
Let u(j) = j**2 + 12*j + 21. Calculate u(-8).
-11
Let d(c) = -2*c + 32. Give d(15).
2
Let y(u) = 34*u - 123. What is y(4)?
13
Let n(a) = a**3 - 3*a**2 - 9*a + 6. Determine n(5).
11
Let w(z) = z**2 - 9*z + 10. Calculate w(8).
2
Let c(m) = -m**3 - 7*m**2 + 9*m + 7. Determine c(-8).
-1
Let g(h) = 5*h + 8. Determine g(-3).
-7
Let n(l) = -l - 3. Calculate n(-6).
3
Let k(l) = 16*l + 116. Determine k(-7).
4
Let l(u) = -5*u**2 - 41*u - 8. Calculate l(-8).
0
Let t(c) = c**2 + c - 5. Calculate t(-3).
1
Let w(v) = v**3 + 8*v**2 + 13*v + 3. Calculate w(-5).
13
Let j(g) = -g**3 + 4*g**2 + 6*g - 2. What is j(4)?
22
Let m(n) = -6*n + 42. Give m(7).
0
Let g(r) = -18*r + 255. What is g(14)?
3
Let c(p) = -19*p + 485. Give c(25).
10
Let y(z) = -z**2 - 83*z + 1028. What is y(-94)?
-6
Let h(j) = -j**2 + 2*j + 1. Give h(-3).
-14
Let d(n) = 4*n**2 - 5*n + 3. What is d(3)?
24
Let j(q) = -5*q**2 + 3*q - 3. Give j(2).
-17
Let w(i) = 2*i**2 - 38*i - 18. What is w(19)?
-18
Let v(m) = -m**3 + 15*m**2 + 9*m + 8. Give v(16).
-104
Let c(x) = 2*x - 9. Give c(5).
1
Let t(v) = -v**3 + 16*v**2 - 23*v - 11. Determine t(14).
59
Let h(n) = -5*n**3 + 2*n**2 + n - 1. What is h(1)?
-3
Let m(u) = -u**2 - 7. What is m(-6)?
-43
Let q(x) = -9*x**2 + 1. Determine q(-2).
-35
Let z(f) = 11*f + 28. Determine z(-2).
6
Let u(m) = -m + 19. Determine u(-14).
33
Let d(u) = 8*u + 120. Determine d(-15).
0
Let z(m) = m**3 + 18*m**2 + 32*m - 17. Determine z(-16).
-17
Let y(r) = 74*r. What is y(-1)?
-74
Let f(x) = x**2 - 14*x + 6. Calculate f(10).
-34
Let w(d) = d**3 + 12*d**2 + 7*d - 16. What is w(-11)?
28
Let a(m) = m**3 - 21*m**2 - 44*m - 46. Calculate a(23).
0
Let f(l) = -l**3 + 29*l**2 + 64*l - 72. What is f(31)?
-10
Let a(v) = -3*v**3 + 21*v**2 + 6*v - 14. Give a(7).
28
Let f(w) = -12*w**3 + 3*w**2 - 3*w + 2. Calculate f(1).
-10
Let y(s) = 4*s + 3. Determine y(-3).
-9
Let v(h) = 112*h + 109. Give v(-1).
-3
Let v(x) = 6*x**2 + 3*x + 1. Determine v(-4).
85
Let p(c) = 14*c**2 + 8*c - 1. Determine p(-1).
5
Let r(k) = 21*k + 55. Give r(-7).
-92
Let c(r) = -3*r + 4. Calculate c(8).
-20
Let m(p) = -p**3 - 7*p**2 - p + 2. What is m(-6)?
-28
Let r(a) = 13*a - 54. What is r(4)?
-2
Let z(n) = 5*n**2 + 3*n. Give z(1).
8
Let u(l) = -18*l + 28. Determine u(7).
-98
Let i(a) = -a**2 + 11*a - 16. Determine i(11).
-16
Let k(g) = g**2 + 11*g + 7. Give k(-11).
7
Let o(w) = -w**3 + 8*w**2 - 12*w + 7. What is o(6)?
7
Let q(g) = g**3 - 6*g**2 - 5*g - 4. Give q(7).
10
Let h(z) = -7*z**3 + 3*z**2 - 1. Determine h(-2).
67
Let f(i) = -i**2 - 10*i - 15. Calculate f(-6).
9
Let o(k) = -k**3 + 11*k**2 - 11*k - 10. What is o(11)?
-131
Let c(g) = 6*g - 31. Give c(6).
5
Let j(a) = -a**3 - 2*a**2 - 2*a - 51. Give j(0).
-51
Let z(f) = 2*f - 44. Determine z(18).
-8
Let s(m) = -5*m - 81. Give s(-21).
24
Let a(c) = -5*c**2 - 15*c + 2. Determine a(-4).
-18
Let u(b) = b**3 + 20*b**2 + 2*b + 8. What is u(-20)?
-32
Let i(u) = -u**2 - u - 30. Give i(0).
-30
Let d(u) = -3*u**2 - 3*u + 4. Determine d(-3).
-14
Let k(j) = -2*j + 6. Determine k(4).
-2
Let x(f) = 37*f**2 - 1. Calculate x(-1).
36
Let j(r) = -r**3 - 13*r**2 - 46*r - 13. Calculate j(-6).
11
Let s(q) = 6*q - 39. Determine s(0).
-39
Let a(j) = -j - 29. Give a(0).
-29
Let a(r) = -r**2 - 6*r + 7. What is a(-6)?
7
Let h(z) = -10*z - 14. Calculate h(-5).
36
Let r(v) = -v**3 + 10*v**2 - 10*v - 2. What is r(9)?
-11
Let q(t) = -7*t +